{"id":29804,"date":"2025-11-12T19:08:17","date_gmt":"2025-11-12T19:08:17","guid":{"rendered":"https:\/\/layutena.com\/index.php\/producto\/speed-olla-a-presion-elect-5lt-digital-1300w-blanco\/"},"modified":"2025-11-21T12:08:54","modified_gmt":"2025-11-21T12:08:54","slug":"speed-olla-a-presion-elect-5lt-digital-1300w-blanco","status":"publish","type":"product","link":"https:\/\/layutena.com\/index.php\/producto\/speed-olla-a-presion-elect-5lt-digital-1300w-blanco\/","title":{"rendered":"SPEED OLLA A PRESION ELECT 5LT DIGITAL 1300W BLANCO"},"content":{"rendered":"<ul>\n<li>Cocina a la perfecci\u00f3n.<\/li>\n<li>Ahorra tiempo y energ\u00eda.<\/li>\n<li>F\u00e1cil de cerrar y abrir.<\/li>\n<li>Ajustes de cocci\u00f3n: Cocinar arroz, Sopa, Gachas, Olla Caliente, Vapor, Freir y Cocci\u00f3n lenta.<\/li>\n<li>Rango de temperatura: 60-80\u00baC<\/li>\n<li>1300 W<\/li>\n<li>220-240V\/50-60Hz<\/li>\n<\/ul>\n","protected":false},"excerpt":{"rendered":"<p>Cocina a la perfecci\u00f3n. Ahorra tiempo y energ\u00eda. F\u00e1cil de cerrar y abrir. Ajustes de cocci\u00f3n: Cocinar arroz, Sopa, Gachas,<\/p>\n","protected":false},"featured_media":30270,"template":"","meta":[],"product_brand":[95],"product_cat":[115],"product_tag":[],"class_list":{"0":"post-29804","1":"product","2":"type-product","3":"status-publish","4":"has-post-thumbnail","6":"product_brand-speed","7":"product_cat-olla","9":"first","10":"instock","11":"sold-individually","12":"product-type-simple"},"yoast_head":"<!-- This site is optimized with the Yoast SEO plugin v27.1.1 - https:\/\/yoast.com\/product\/yoast-seo-wordpress\/ -->\n<title>SPEED OLLA A PRESION ELECT 5LT DIGITAL 1300W BLANCO - La Yutena<\/title>\n<meta name=\"robots\" content=\"index, follow, max-snippet:-1, max-image-preview:large, max-video-preview:-1\" \/>\n<link rel=\"canonical\" href=\"https:\/\/layutena.com\/index.php\/producto\/speed-olla-a-presion-elect-5lt-digital-1300w-blanco\/\" \/>\n<meta property=\"og:locale\" content=\"es_ES\" \/>\n<meta property=\"og:type\" content=\"article\" \/>\n<meta property=\"og:title\" content=\"SPEED OLLA A PRESION ELECT 5LT DIGITAL 1300W BLANCO - La Yutena\" \/>\n<meta property=\"og:description\" content=\"Cocina a la perfecci\u00f3n. Ahorra tiempo y energ\u00eda. F\u00e1cil de cerrar y abrir. Ajustes de cocci\u00f3n: Cocinar arroz, Sopa, Gachas,\" \/>\n<meta property=\"og:url\" content=\"https:\/\/layutena.com\/index.php\/producto\/speed-olla-a-presion-elect-5lt-digital-1300w-blanco\/\" \/>\n<meta property=\"og:site_name\" content=\"La Yutena\" \/>\n<meta property=\"article:modified_time\" content=\"2025-11-21T12:08:54+00:00\" \/>\n<meta property=\"og:image\" content=\"https:\/\/layutena.com\/wp-content\/uploads\/2025\/11\/SOPD1300W5LB-P.png\" \/>\n\t<meta property=\"og:image:width\" content=\"800\" \/>\n\t<meta property=\"og:image:height\" content=\"800\" \/>\n\t<meta property=\"og:image:type\" content=\"image\/png\" \/>\n<meta name=\"twitter:card\" content=\"summary_large_image\" \/>\n<meta name=\"twitter:label1\" content=\"Tiempo de lectura\" \/>\n\t<meta name=\"twitter:data1\" content=\"1 minuto\" \/>\n<script type=\"application\/ld+json\" class=\"yoast-schema-graph\">{\"@context\":\"https:\/\/schema.org\",\"@graph\":[{\"@type\":\"WebPage\",\"@id\":\"https:\/\/layutena.com\/index.php\/producto\/speed-olla-a-presion-elect-5lt-digital-1300w-blanco\/\",\"url\":\"https:\/\/layutena.com\/index.php\/producto\/speed-olla-a-presion-elect-5lt-digital-1300w-blanco\/\",\"name\":\"SPEED OLLA A PRESION ELECT 5LT DIGITAL 1300W BLANCO - La Yutena\",\"isPartOf\":{\"@id\":\"https:\/\/layutena.com\/#website\"},\"primaryImageOfPage\":{\"@id\":\"https:\/\/layutena.com\/index.php\/producto\/speed-olla-a-presion-elect-5lt-digital-1300w-blanco\/#primaryimage\"},\"image\":{\"@id\":\"https:\/\/layutena.com\/index.php\/producto\/speed-olla-a-presion-elect-5lt-digital-1300w-blanco\/#primaryimage\"},\"thumbnailUrl\":\"https:\/\/layutena.com\/wp-content\/uploads\/2025\/11\/SOPD1300W5LB-P.png\",\"datePublished\":\"2025-11-12T19:08:17+00:00\",\"dateModified\":\"2025-11-21T12:08:54+00:00\",\"breadcrumb\":{\"@id\":\"https:\/\/layutena.com\/index.php\/producto\/speed-olla-a-presion-elect-5lt-digital-1300w-blanco\/#breadcrumb\"},\"inLanguage\":\"es\",\"potentialAction\":[{\"@type\":\"ReadAction\",\"target\":[\"https:\/\/layutena.com\/index.php\/producto\/speed-olla-a-presion-elect-5lt-digital-1300w-blanco\/\"]}]},{\"@type\":\"ImageObject\",\"inLanguage\":\"es\",\"@id\":\"https:\/\/layutena.com\/index.php\/producto\/speed-olla-a-presion-elect-5lt-digital-1300w-blanco\/#primaryimage\",\"url\":\"https:\/\/layutena.com\/wp-content\/uploads\/2025\/11\/SOPD1300W5LB-P.png\",\"contentUrl\":\"https:\/\/layutena.com\/wp-content\/uploads\/2025\/11\/SOPD1300W5LB-P.png\",\"width\":800,\"height\":800},{\"@type\":\"BreadcrumbList\",\"@id\":\"https:\/\/layutena.com\/index.php\/producto\/speed-olla-a-presion-elect-5lt-digital-1300w-blanco\/#breadcrumb\",\"itemListElement\":[{\"@type\":\"ListItem\",\"position\":1,\"name\":\"Portada\",\"item\":\"https:\/\/layutena.com\/\"},{\"@type\":\"ListItem\",\"position\":2,\"name\":\"Productos\",\"item\":\"https:\/\/layutena.com\/index.php\/shop\/\"},{\"@type\":\"ListItem\",\"position\":3,\"name\":\"SPEED OLLA A PRESION ELECT 5LT DIGITAL 1300W BLANCO\"}]},{\"@type\":\"WebSite\",\"@id\":\"https:\/\/layutena.com\/#website\",\"url\":\"https:\/\/layutena.com\/\",\"name\":\"La Yutena\",\"description\":\"\",\"potentialAction\":[{\"@type\":\"SearchAction\",\"target\":{\"@type\":\"EntryPoint\",\"urlTemplate\":\"https:\/\/layutena.com\/?s={search_term_string}\"},\"query-input\":{\"@type\":\"PropertyValueSpecification\",\"valueRequired\":true,\"valueName\":\"search_term_string\"}}],\"inLanguage\":\"es\"}]}<\/script>\n<!-- \/ Yoast SEO plugin. -->","yoast_head_json":{"title":"SPEED OLLA A PRESION ELECT 5LT DIGITAL 1300W BLANCO - La Yutena","robots":{"index":"index","follow":"follow","max-snippet":"max-snippet:-1","max-image-preview":"max-image-preview:large","max-video-preview":"max-video-preview:-1"},"canonical":"https:\/\/layutena.com\/index.php\/producto\/speed-olla-a-presion-elect-5lt-digital-1300w-blanco\/","og_locale":"es_ES","og_type":"article","og_title":"SPEED OLLA A PRESION ELECT 5LT DIGITAL 1300W BLANCO - La Yutena","og_description":"Cocina a la perfecci\u00f3n. Ahorra tiempo y energ\u00eda. F\u00e1cil de cerrar y abrir. Ajustes de cocci\u00f3n: Cocinar arroz, Sopa, Gachas,","og_url":"https:\/\/layutena.com\/index.php\/producto\/speed-olla-a-presion-elect-5lt-digital-1300w-blanco\/","og_site_name":"La Yutena","article_modified_time":"2025-11-21T12:08:54+00:00","og_image":[{"width":800,"height":800,"url":"https:\/\/layutena.com\/wp-content\/uploads\/2025\/11\/SOPD1300W5LB-P.png","type":"image\/png"}],"twitter_card":"summary_large_image","twitter_misc":{"Tiempo de lectura":"1 minuto"},"schema":{"@context":"https:\/\/schema.org","@graph":[{"@type":"WebPage","@id":"https:\/\/layutena.com\/index.php\/producto\/speed-olla-a-presion-elect-5lt-digital-1300w-blanco\/","url":"https:\/\/layutena.com\/index.php\/producto\/speed-olla-a-presion-elect-5lt-digital-1300w-blanco\/","name":"SPEED OLLA A PRESION ELECT 5LT DIGITAL 1300W BLANCO - La Yutena","isPartOf":{"@id":"https:\/\/layutena.com\/#website"},"primaryImageOfPage":{"@id":"https:\/\/layutena.com\/index.php\/producto\/speed-olla-a-presion-elect-5lt-digital-1300w-blanco\/#primaryimage"},"image":{"@id":"https:\/\/layutena.com\/index.php\/producto\/speed-olla-a-presion-elect-5lt-digital-1300w-blanco\/#primaryimage"},"thumbnailUrl":"https:\/\/layutena.com\/wp-content\/uploads\/2025\/11\/SOPD1300W5LB-P.png","datePublished":"2025-11-12T19:08:17+00:00","dateModified":"2025-11-21T12:08:54+00:00","breadcrumb":{"@id":"https:\/\/layutena.com\/index.php\/producto\/speed-olla-a-presion-elect-5lt-digital-1300w-blanco\/#breadcrumb"},"inLanguage":"es","potentialAction":[{"@type":"ReadAction","target":["https:\/\/layutena.com\/index.php\/producto\/speed-olla-a-presion-elect-5lt-digital-1300w-blanco\/"]}]},{"@type":"ImageObject","inLanguage":"es","@id":"https:\/\/layutena.com\/index.php\/producto\/speed-olla-a-presion-elect-5lt-digital-1300w-blanco\/#primaryimage","url":"https:\/\/layutena.com\/wp-content\/uploads\/2025\/11\/SOPD1300W5LB-P.png","contentUrl":"https:\/\/layutena.com\/wp-content\/uploads\/2025\/11\/SOPD1300W5LB-P.png","width":800,"height":800},{"@type":"BreadcrumbList","@id":"https:\/\/layutena.com\/index.php\/producto\/speed-olla-a-presion-elect-5lt-digital-1300w-blanco\/#breadcrumb","itemListElement":[{"@type":"ListItem","position":1,"name":"Portada","item":"https:\/\/layutena.com\/"},{"@type":"ListItem","position":2,"name":"Productos","item":"https:\/\/layutena.com\/index.php\/shop\/"},{"@type":"ListItem","position":3,"name":"SPEED OLLA A PRESION ELECT 5LT DIGITAL 1300W BLANCO"}]},{"@type":"WebSite","@id":"https:\/\/layutena.com\/#website","url":"https:\/\/layutena.com\/","name":"La Yutena","description":"","potentialAction":[{"@type":"SearchAction","target":{"@type":"EntryPoint","urlTemplate":"https:\/\/layutena.com\/?s={search_term_string}"},"query-input":{"@type":"PropertyValueSpecification","valueRequired":true,"valueName":"search_term_string"}}],"inLanguage":"es"}]}},"jetpack_sharing_enabled":true,"_links":{"self":[{"href":"https:\/\/layutena.com\/index.php\/wp-json\/wp\/v2\/product\/29804","targetHints":{"allow":["GET"]}}],"collection":[{"href":"https:\/\/layutena.com\/index.php\/wp-json\/wp\/v2\/product"}],"about":[{"href":"https:\/\/layutena.com\/index.php\/wp-json\/wp\/v2\/types\/product"}],"version-history":[{"count":3,"href":"https:\/\/layutena.com\/index.php\/wp-json\/wp\/v2\/product\/29804\/revisions"}],"predecessor-version":[{"id":30271,"href":"https:\/\/layutena.com\/index.php\/wp-json\/wp\/v2\/product\/29804\/revisions\/30271"}],"wp:featuredmedia":[{"embeddable":true,"href":"https:\/\/layutena.com\/index.php\/wp-json\/wp\/v2\/media\/30270"}],"wp:attachment":[{"href":"https:\/\/layutena.com\/index.php\/wp-json\/wp\/v2\/media?parent=29804"}],"wp:term":[{"taxonomy":"product_brand","embeddable":true,"href":"https:\/\/layutena.com\/index.php\/wp-json\/wp\/v2\/product_brand?post=29804"},{"taxonomy":"product_cat","embeddable":true,"href":"https:\/\/layutena.com\/index.php\/wp-json\/wp\/v2\/product_cat?post=29804"},{"taxonomy":"product_tag","embeddable":true,"href":"https:\/\/layutena.com\/index.php\/wp-json\/wp\/v2\/product_tag?post=29804"}],"curies":[{"name":"wp","href":"https:\/\/api.w.org\/{rel}","templated":true}]}}