{"id":29731,"date":"2025-11-12T19:08:00","date_gmt":"2025-11-12T19:08:00","guid":{"rendered":"https:\/\/layutena.com\/index.php\/producto\/speed-hidrolavadora-1800w-140-bar\/"},"modified":"2025-11-21T17:56:22","modified_gmt":"2025-11-21T17:56:22","slug":"speed-hidrolavadora-1800w-140-bar","status":"publish","type":"product","link":"https:\/\/layutena.com\/index.php\/producto\/speed-hidrolavadora-1800w-140-bar\/","title":{"rendered":"SPEED HIDROLAVADORA 1800W 140-BAR"},"content":{"rendered":"<ul>\n<li>Para limpiar autos, motos, jard\u00edn, espacios abiertos, etc.<\/li>\n<li>Manguera de alta presi\u00f3n.<\/li>\n<li>Cable de conexi\u00f3n de 5 metros.<\/li>\n<li>Filtro de agua, pistola de disparo.<\/li>\n<li>Con deposito de detergente.<\/li>\n<li>1800W<\/li>\n<li>220V\/50HZ<\/li>\n<\/ul>\n","protected":false},"excerpt":{"rendered":"<p>Para limpiar autos, motos, jard\u00edn, espacios abiertos, etc. Manguera de alta presi\u00f3n. Cable de conexi\u00f3n de 5 metros. Filtro de<\/p>\n","protected":false},"featured_media":30378,"template":"","meta":[],"product_brand":[95],"product_cat":[109],"product_tag":[],"class_list":{"0":"post-29731","1":"product","2":"type-product","3":"status-publish","4":"has-post-thumbnail","6":"product_brand-speed","7":"product_cat-hidrolavadora","9":"first","10":"instock","11":"sold-individually","12":"product-type-simple"},"yoast_head":"<!-- This site is optimized with the Yoast SEO plugin v27.1.1 - https:\/\/yoast.com\/product\/yoast-seo-wordpress\/ -->\n<title>SPEED HIDROLAVADORA 1800W 140-BAR - La Yutena<\/title>\n<meta name=\"robots\" content=\"index, follow, max-snippet:-1, max-image-preview:large, max-video-preview:-1\" \/>\n<link rel=\"canonical\" href=\"https:\/\/layutena.com\/index.php\/producto\/speed-hidrolavadora-1800w-140-bar\/\" \/>\n<meta property=\"og:locale\" content=\"es_ES\" \/>\n<meta property=\"og:type\" content=\"article\" \/>\n<meta property=\"og:title\" content=\"SPEED HIDROLAVADORA 1800W 140-BAR - La Yutena\" \/>\n<meta property=\"og:description\" content=\"Para limpiar autos, motos, jard\u00edn, espacios abiertos, etc. Manguera de alta presi\u00f3n. Cable de conexi\u00f3n de 5 metros. Filtro de\" \/>\n<meta property=\"og:url\" content=\"https:\/\/layutena.com\/index.php\/producto\/speed-hidrolavadora-1800w-140-bar\/\" \/>\n<meta property=\"og:site_name\" content=\"La Yutena\" \/>\n<meta property=\"article:modified_time\" content=\"2025-11-21T17:56:22+00:00\" \/>\n<meta property=\"og:image\" content=\"https:\/\/layutena.com\/wp-content\/uploads\/2025\/11\/SHL1.8W.png\" \/>\n\t<meta property=\"og:image:width\" content=\"800\" \/>\n\t<meta property=\"og:image:height\" content=\"800\" \/>\n\t<meta property=\"og:image:type\" content=\"image\/png\" \/>\n<meta name=\"twitter:card\" content=\"summary_large_image\" \/>\n<meta name=\"twitter:label1\" content=\"Tiempo de lectura\" \/>\n\t<meta name=\"twitter:data1\" content=\"1 minuto\" \/>\n<script type=\"application\/ld+json\" class=\"yoast-schema-graph\">{\"@context\":\"https:\/\/schema.org\",\"@graph\":[{\"@type\":\"WebPage\",\"@id\":\"https:\/\/layutena.com\/index.php\/producto\/speed-hidrolavadora-1800w-140-bar\/\",\"url\":\"https:\/\/layutena.com\/index.php\/producto\/speed-hidrolavadora-1800w-140-bar\/\",\"name\":\"SPEED HIDROLAVADORA 1800W 140-BAR - La Yutena\",\"isPartOf\":{\"@id\":\"https:\/\/layutena.com\/#website\"},\"primaryImageOfPage\":{\"@id\":\"https:\/\/layutena.com\/index.php\/producto\/speed-hidrolavadora-1800w-140-bar\/#primaryimage\"},\"image\":{\"@id\":\"https:\/\/layutena.com\/index.php\/producto\/speed-hidrolavadora-1800w-140-bar\/#primaryimage\"},\"thumbnailUrl\":\"https:\/\/layutena.com\/wp-content\/uploads\/2025\/11\/SHL1.8W.png\",\"datePublished\":\"2025-11-12T19:08:00+00:00\",\"dateModified\":\"2025-11-21T17:56:22+00:00\",\"breadcrumb\":{\"@id\":\"https:\/\/layutena.com\/index.php\/producto\/speed-hidrolavadora-1800w-140-bar\/#breadcrumb\"},\"inLanguage\":\"es\",\"potentialAction\":[{\"@type\":\"ReadAction\",\"target\":[\"https:\/\/layutena.com\/index.php\/producto\/speed-hidrolavadora-1800w-140-bar\/\"]}]},{\"@type\":\"ImageObject\",\"inLanguage\":\"es\",\"@id\":\"https:\/\/layutena.com\/index.php\/producto\/speed-hidrolavadora-1800w-140-bar\/#primaryimage\",\"url\":\"https:\/\/layutena.com\/wp-content\/uploads\/2025\/11\/SHL1.8W.png\",\"contentUrl\":\"https:\/\/layutena.com\/wp-content\/uploads\/2025\/11\/SHL1.8W.png\",\"width\":800,\"height\":800},{\"@type\":\"BreadcrumbList\",\"@id\":\"https:\/\/layutena.com\/index.php\/producto\/speed-hidrolavadora-1800w-140-bar\/#breadcrumb\",\"itemListElement\":[{\"@type\":\"ListItem\",\"position\":1,\"name\":\"Portada\",\"item\":\"https:\/\/layutena.com\/\"},{\"@type\":\"ListItem\",\"position\":2,\"name\":\"Productos\",\"item\":\"https:\/\/layutena.com\/index.php\/shop\/\"},{\"@type\":\"ListItem\",\"position\":3,\"name\":\"SPEED HIDROLAVADORA 1800W 140-BAR\"}]},{\"@type\":\"WebSite\",\"@id\":\"https:\/\/layutena.com\/#website\",\"url\":\"https:\/\/layutena.com\/\",\"name\":\"La Yutena\",\"description\":\"\",\"potentialAction\":[{\"@type\":\"SearchAction\",\"target\":{\"@type\":\"EntryPoint\",\"urlTemplate\":\"https:\/\/layutena.com\/?s={search_term_string}\"},\"query-input\":{\"@type\":\"PropertyValueSpecification\",\"valueRequired\":true,\"valueName\":\"search_term_string\"}}],\"inLanguage\":\"es\"}]}<\/script>\n<!-- \/ Yoast SEO plugin. -->","yoast_head_json":{"title":"SPEED HIDROLAVADORA 1800W 140-BAR - La Yutena","robots":{"index":"index","follow":"follow","max-snippet":"max-snippet:-1","max-image-preview":"max-image-preview:large","max-video-preview":"max-video-preview:-1"},"canonical":"https:\/\/layutena.com\/index.php\/producto\/speed-hidrolavadora-1800w-140-bar\/","og_locale":"es_ES","og_type":"article","og_title":"SPEED HIDROLAVADORA 1800W 140-BAR - La Yutena","og_description":"Para limpiar autos, motos, jard\u00edn, espacios abiertos, etc. Manguera de alta presi\u00f3n. Cable de conexi\u00f3n de 5 metros. Filtro de","og_url":"https:\/\/layutena.com\/index.php\/producto\/speed-hidrolavadora-1800w-140-bar\/","og_site_name":"La Yutena","article_modified_time":"2025-11-21T17:56:22+00:00","og_image":[{"width":800,"height":800,"url":"https:\/\/layutena.com\/wp-content\/uploads\/2025\/11\/SHL1.8W.png","type":"image\/png"}],"twitter_card":"summary_large_image","twitter_misc":{"Tiempo de lectura":"1 minuto"},"schema":{"@context":"https:\/\/schema.org","@graph":[{"@type":"WebPage","@id":"https:\/\/layutena.com\/index.php\/producto\/speed-hidrolavadora-1800w-140-bar\/","url":"https:\/\/layutena.com\/index.php\/producto\/speed-hidrolavadora-1800w-140-bar\/","name":"SPEED HIDROLAVADORA 1800W 140-BAR - La Yutena","isPartOf":{"@id":"https:\/\/layutena.com\/#website"},"primaryImageOfPage":{"@id":"https:\/\/layutena.com\/index.php\/producto\/speed-hidrolavadora-1800w-140-bar\/#primaryimage"},"image":{"@id":"https:\/\/layutena.com\/index.php\/producto\/speed-hidrolavadora-1800w-140-bar\/#primaryimage"},"thumbnailUrl":"https:\/\/layutena.com\/wp-content\/uploads\/2025\/11\/SHL1.8W.png","datePublished":"2025-11-12T19:08:00+00:00","dateModified":"2025-11-21T17:56:22+00:00","breadcrumb":{"@id":"https:\/\/layutena.com\/index.php\/producto\/speed-hidrolavadora-1800w-140-bar\/#breadcrumb"},"inLanguage":"es","potentialAction":[{"@type":"ReadAction","target":["https:\/\/layutena.com\/index.php\/producto\/speed-hidrolavadora-1800w-140-bar\/"]}]},{"@type":"ImageObject","inLanguage":"es","@id":"https:\/\/layutena.com\/index.php\/producto\/speed-hidrolavadora-1800w-140-bar\/#primaryimage","url":"https:\/\/layutena.com\/wp-content\/uploads\/2025\/11\/SHL1.8W.png","contentUrl":"https:\/\/layutena.com\/wp-content\/uploads\/2025\/11\/SHL1.8W.png","width":800,"height":800},{"@type":"BreadcrumbList","@id":"https:\/\/layutena.com\/index.php\/producto\/speed-hidrolavadora-1800w-140-bar\/#breadcrumb","itemListElement":[{"@type":"ListItem","position":1,"name":"Portada","item":"https:\/\/layutena.com\/"},{"@type":"ListItem","position":2,"name":"Productos","item":"https:\/\/layutena.com\/index.php\/shop\/"},{"@type":"ListItem","position":3,"name":"SPEED HIDROLAVADORA 1800W 140-BAR"}]},{"@type":"WebSite","@id":"https:\/\/layutena.com\/#website","url":"https:\/\/layutena.com\/","name":"La Yutena","description":"","potentialAction":[{"@type":"SearchAction","target":{"@type":"EntryPoint","urlTemplate":"https:\/\/layutena.com\/?s={search_term_string}"},"query-input":{"@type":"PropertyValueSpecification","valueRequired":true,"valueName":"search_term_string"}}],"inLanguage":"es"}]}},"jetpack_sharing_enabled":true,"_links":{"self":[{"href":"https:\/\/layutena.com\/index.php\/wp-json\/wp\/v2\/product\/29731","targetHints":{"allow":["GET"]}}],"collection":[{"href":"https:\/\/layutena.com\/index.php\/wp-json\/wp\/v2\/product"}],"about":[{"href":"https:\/\/layutena.com\/index.php\/wp-json\/wp\/v2\/types\/product"}],"version-history":[{"count":3,"href":"https:\/\/layutena.com\/index.php\/wp-json\/wp\/v2\/product\/29731\/revisions"}],"predecessor-version":[{"id":30896,"href":"https:\/\/layutena.com\/index.php\/wp-json\/wp\/v2\/product\/29731\/revisions\/30896"}],"wp:featuredmedia":[{"embeddable":true,"href":"https:\/\/layutena.com\/index.php\/wp-json\/wp\/v2\/media\/30378"}],"wp:attachment":[{"href":"https:\/\/layutena.com\/index.php\/wp-json\/wp\/v2\/media?parent=29731"}],"wp:term":[{"taxonomy":"product_brand","embeddable":true,"href":"https:\/\/layutena.com\/index.php\/wp-json\/wp\/v2\/product_brand?post=29731"},{"taxonomy":"product_cat","embeddable":true,"href":"https:\/\/layutena.com\/index.php\/wp-json\/wp\/v2\/product_cat?post=29731"},{"taxonomy":"product_tag","embeddable":true,"href":"https:\/\/layutena.com\/index.php\/wp-json\/wp\/v2\/product_tag?post=29731"}],"curies":[{"name":"wp","href":"https:\/\/api.w.org\/{rel}","templated":true}]}}